s of 594?
2, 3, 11
List the prime factors of 45135.
3, 5, 17, 59
List the prime factors of 5040.
2, 3, 5, 7
List the prime factors of 75025.
5, 3001
What are the prime factors of 779?
19, 41
What are the prime factors of 10177?
10177
List the prime factors of 8709.
3, 2903
List the prime factors of 2096.
2, 131
List the prime factors of 26263.
26263
What are the prime factors of 4509?
3, 167
List the prime factors of 638.
2, 11, 29
What are the prime factors of 6679?
6679
What are the prime factors of 963?
3, 107
List the prime factors of 48287.
109, 443
List the prime factors of 14236.
2, 3559
List the prime factors of 30239.
11, 2749
List the prime factors of 41944.
2, 7, 107
List the prime factors of 771.
3, 257
What are the prime factors of 14969?
14969
List the prime factors of 91269.
3, 10141
List the prime factors of 5835.
3, 5, 389
What are the prime factors of 64505?
5, 7, 19, 97
List the prime factors of 224.
2, 7
What are the prime factors of 1689?
3, 563
List the prime factors of 38649.
3, 13, 991
What are the prime factors of 31833?
3, 131
List the prime factors of 629.
17, 37
List the prime factors of 1096.
2, 137
List the prime factors of 8321.
53, 157
What are the prime factors of 330?
2, 3, 5, 11
List the prime factors of 27.
3
List the prime factors of 11724.
2, 3, 977
What are the prime factors of 7583?
7583
What are the prime factors of 4164?
2, 3, 347
What are the prime factors of 31383?
3, 11, 317
List the prime factors of 5168.
2, 17, 19
List the prime factors of 1138.
2, 569
What are the prime factors of 127176?
2, 3, 7, 757
What are the prime factors of 9506?
2, 7, 97
List the prime factors of 1299.
3, 433
List the prime factors of 31084.
2, 19, 409
What are the prime factors of 6500?
2, 5, 13
List the prime factors of 2779.
7, 397
List the prime factors of 2802.
2, 3, 467
List the prime factors of 2271.
3, 757
What are the prime factors of 5484?
2, 3, 457
What are the prime factors of 213?
3, 71
What are the prime factors of 311?
311
What are the prime factors of 726?
2, 3, 11
What are the prime factors of 922?
2, 461
List the prime factors of 15143.
19, 797
What are the prime factors of 38233?
13, 17, 173
What are the prime factors of 256?
2
What are the prime factors of 14633?
14633
List the prime factors of 48624.
2, 3, 1013
What are the prime factors of 16459?
109, 151
What are the prime factors of 25543?
7, 41, 89
List the prime factors of 8885.
5, 1777
List the prime factors of 10568.
2, 1321
What are the prime factors of 159?
3, 53
List the prime factors of 1672.
2, 11, 19
What are the prime factors of 1211?
7, 173
What are the prime factors of 543?
3, 181
What are the prime factors of 716?
2, 179
List the prime factors of 6777.
3, 251
List the prime factors of 12494.
2, 6247
What are the prime factors of 370?
2, 5, 37
List the prime factors of 7867.
7867
What are the prime factors of 8106?
2, 3, 7, 193
What are the prime factors of 3578?
2, 1789
List the prime factors of 2965.
5, 593
List the prime factors of 18641.
7, 2663
What are the prime factors of 1204?
2, 7, 43
List the prime factors of 797.
797
What are the prime factors of 209?
11, 19
List the prime factors of 10484.
2, 2621
List the prime factors of 463.
463
What are the prime factors of 1001?
7, 11, 13
What are the prime factors of 3912?
2, 3, 163
List the prime factors of 1982.
2, 991
What are the prime factors of 2274?
2, 3, 379
What are the prime factors of 7868?
2, 7, 281
List the prime factors of 8289.
3, 307
What are the prime factors of 28752?
2, 3, 599
List the prime factors of 24502.
2, 12251
List the prime factors of 583.
11, 53
What are the prime factors of 5809?
37, 157
List the prime factors of 4121.
13, 317
What are the prime factors of 3467?
3467
List the prime factors of 3743.
19, 197
List the prime factors of 45256.
2, 5657
What are the prime factors of 1287?
3, 11, 13
What are the prime factors of 22489?
43, 523
List the prime factors of 25484.
2, 23, 277
What are the prime factors of 14334?
2, 3, 2389
What are the prime factors of 3550?
2, 5, 71
What are the prime factors of 5790?
2, 3, 5, 193
What are the prime factors of 1270?
2, 5, 127
List the prime factors of 4614.
2, 3, 769
What are the prime factors of 74011?
7, 97, 109
List the prime factors of 82155.
3, 5, 5477
List the prime factors of 489.
3, 163
What are the prime factors of 3140?
2, 5, 157
List the prime factors of 2094.
2, 3, 349
List the prime factors of 3525.
3, 5, 47
What are the prime factors of 2956?
2, 739
What are the prime factors of 858?
2, 3, 11, 13
List the prime factors of 13667.
79, 173
List the prime factors of 3010.
2, 5, 7, 43
List the prime factors of 471.
3, 157
What are the prime factors of 2539?
2539
List the prime factors of 8519.
7, 1217
What are the prime factors of 37511?
37511
List the prime factors of 12396.
2, 3, 1033
List the prime factors of 2422.
2, 7, 173
List the prime factors of 3967.
3967
List the prime factors of 58062.
2, 3, 9677
List the prime factors of 3303.
3, 367
List the prime factors of 158667.
3, 52889
What are the prime factors of 7619?
19, 401
What are the prime factors of 765?
3, 5, 17
List the prime factors of 8025.
3, 5, 107
List the prime factors of 5395.
5, 13, 83
List the prime factors of 5912.
2, 739
List the prime factors of 3857.
7, 19, 29
What are the prime factors of 1609?
1609
What are the prime factors of 346?
2, 173
What are the prime factors of 7392?
2, 3, 7, 11
List the prime factors of 299.
13, 23
What are the prime factors of 18605?
5, 61
List the prime factors of 1694.
2, 7, 11
List the prime factors of 73546.
2, 11, 3343
List the prime factors of 49808.
2, 11, 283
List the prime factors of 14047.
11, 1277
What are the prime factors of 1098?
2, 3, 61
List the prime factors of 3900.
2, 3, 5, 13
List the prime factors of 6464.
2, 101
List the prime factors of 7635.
3, 5, 509
What are the prime factors of 1689?
3, 563
List the prime factors of 1338.
2, 3, 223
What are the prime factors of 980?
2, 5, 7
What are the prime factors of 7714?
2, 7, 19, 29
List the prime factors of 109482.
2, 3, 71, 257
List the prime factors of 13507.
13, 1039
List the prime factors of 6898.
2, 3449
List the prime factors of 13614.
2, 3, 2269
What are the prime factors of 5842?
2, 23, 127
What are the prime factors of 40232?
2, 47, 107
List the prime factors of 5061.
3, 7, 241
What are the prime factors of 6640?
2, 5, 83
List the prime factors of 561.
3, 11, 17
List the prime factors of 478.
2, 239
What are the prime factors of 6565?
5, 13, 101
List the prime factors of 191.
191
What are the prime factors of 2637?
3, 293
List the prime factors of 19083.
3, 6361
What are the prime factors of 17225?
5, 13, 53
What are the prime factors of 776?
2, 97
What are the prime factors of 17827?
17827
List the prime factors of 1815.
3, 5, 11
What are the prime factors of 28376?
2, 3547
List the prime factors of 12852.
2, 3, 7, 17
What are the prime factors of 17255?
5, 7, 17, 29
What are the prime factors of 413?
7, 59
What are the prime factors of 20236?
2, 5059
What are the prime factors of 2204?
2, 19, 29
List the prime factors of 33465.
3, 5, 23, 97
What are the prime factors of 23788?
2, 19, 313
List the prime factors of 21602.
2, 7, 1543
List the prime factors of 1673.
7, 239
List the prime factors of 50818.
2, 25409
List the prime factors of 1254.
2, 3, 11, 19
List the prime factors of 8217.
3, 11, 83
What are the prime factors of 31805?
5, 6361
List the prime factors of 18163.
41, 443
List the prime factors of 3847.
3847
What are the prime factors of 13625?
5, 109
What are the prime factors of 739?
739
List the prime factors of 763.
7, 109
What are the prime factors of 1394?
2, 17, 41
What are the prime factors of 967?
967
List the prime factors of 14124.
2, 3, 11, 107
What are the prime factors of 5763?
3, 17, 113
What are the prime factors of 20461?
7, 37, 79
List the prime factors of 55405.
5, 7, 1583
What are the prime factors of 7027?
7027
What are the prime factors of 1055?
5, 211
List the prime factors of 25780.
2, 5, 1289
List the prime factors of 10479.
3, 7, 499
List the prime factors of 140021.
7, 83, 241
What are the prime factors of 8667?
3, 107
List the prime factors of 14395.
5, 2879
List the prime factors of 350